ivided by p.
6
Let p be (-4)/8*0*1. Let j be (p/3)/(2/1). Suppose j = 5*q + 20, -3*l + l + 2*q + 58 = 0. Calculate the remainder when l is divided by 7.
4
Calculate the remainder when 208 is divided by (-4 + 11)/1*(-4 + 7).
19
What is the remainder when 49 is divided by 176/(-66)*27/(-6)?
1
Let i = -32 + 69. Suppose 0 = -247*r + 238*r + 198. What is the remainder when i is divided by r?
15
Suppose -3*c - 3*b - 10 = 125, 0 = -b - 4. Let n = c - -69. Calculate the remainder when n is divided by 16.
12
Let w = -34 + 42. Calculate the remainder when 19 is divided by 78/w + 12/48.
9
Calculate the remainder when 1452 - 7/2*(-2)/1 is divided by 73.
72
Let a(q) = -3*q**3 - 2*q**2 + q + 2. Let h be a(-1). Calculate the remainder when 112/3 + h/3 is divided by 13.
12
Suppose -4*g = 3*s - 160, -4*s = -5*g - 18 + 249. What is the remainder when g is divided by 25?
18
Suppose -2*l + 3*l = 3*z + 13, -2*l + z = -21. Calculate the remainder when (-1)/((2/116)/((-10)/(2 + 18))) is divided by l.
9
Suppose -445 = -5*l - 5*m, -4*m - 488 = -5*l - 43. What is the remainder when l is divided by 1*(-6)/((-24)/92)?
20
Let a = -76 - -97. What is the remainder when 46 is divided by a?
4
Let f = -9 - -9. Suppose f = -k - 0*k + 2. Suppose k*v = 3*v - 15. Calculate the remainder when 59 is divided by v.
14
Let z = -2 - -9. Let g = -13 - -24. Suppose -g*p = -9*p - 4. What is the remainder when z is divided by p?
1
Let q(g) = -g**2 - 22*g + 11. Let r(o) = o**2 + 43*o - 22. Let b(w) = 5*q(w) + 3*r(w). What is the remainder when 37 is divided by b(8)?
11
Let r be (-150)/9*(4 - 33/6). Suppose -24*n = -r*n + 31. What is the remainder when 74 is divided by n?
12
Suppose 11 = 3*n - 16. Let m(j) = 13*j + 2. Let t be m(-1). Let v(d) = d**3 + 11*d**2 - d + 15. Calculate the remainder when v(t) is divided by n.
8
Let s(f) = 2*f - 40. Let d be s(21). Suppose -2*z = -0*u + d*u - 22, -2*u - 4*z + 26 = 0. Calculate the remainder when 14 is divided by u.
5
Suppose 0 = 300*x - 292*x - 120. What is the remainder when 3*38/3 - -1 is divided by x?
9
Suppose 0 = 66*h + 23*h - 3827. Let o = 45 - 21. Calculate the remainder when h is divided by o.
19
Suppose 22*g - 26*g + 560 = 0. What is the remainder when g is divided by 75?
65
Let p = -67 - -117. Calculate the remainder when 448 is divided by p.
48
Calculate the remainder when 42 is divided by (-1)/(((-35)/45)/7).
6
Suppose -4366 = -8*r + 1186. Calculate the remainder when r is divided by 24.
22
Let t(y) = 5*y**3 - 53*y**2 - 20*y - 8. Calculate the remainder when 2883 is divided by t(11).
13
Let w(p) = -10*p - 12. Calculate the remainder when w(-16) is divided by 27.
13
Let t = 191 + -108. Calculate the remainder when t is divided by 12.
11
Suppose 17*j - 474 = 444. What is the remainder when 71 is divided by j?
17
Let l = -127 + 342. Calculate the remainder when l is divided by 27.
26
Let v = -13 - -13. Suppose v*y - 5*d + 355 = 5*y, 0 = y - d - 67. What is the remainder when y is divided by 19?
12
Suppose -51566 = -24*n + n. What is the remainder when n is divided by 22?
20
Let k = 16 - 9. Suppose k + 65 = 4*i. Calculate the remainder when i is divided by 10.
8
Let l be 2*(10 + -11 + (-10)/(-4)). What is the remainder when 50 is divided by (26 + -14)*((-18)/(-4))/l?
14
Let v = 68 - 39. Let i(c) = -c**3 - 2*c + 86. Calculate the remainder when i(0) is divided by v.
28
Let b(k) = -k**3 - 15*k**2 + 3*k + 16. Let m be b(-15). Let c = -22 - m. What is the remainder when ((-9)/6)/((-2)/52) is divided by c?
4
Suppose 19*c = 4*c - 30. Calculate the remainder when 25 is divided by 65/(-13) + 25 + c.
7
Let s be (175 - 2) + (-30)/10. Let c = 46 - -37. Let n = s - c. Calculate the remainder when n is divided by 22.
21
Suppose 3*o - 21 = 3. Suppose 21 = 23*s - 20*s. Calculate the remainder when s is divided by o/6*(-3)/(-2).
1
Suppose 2346 - 81 = 3*k + 5*q, 3037 = 4*k + q. What is the remainder when k is divided by 45?
40
Let x(l) = 168*l + 2709. Let n(h) = 14*h - 4. Calculate the remainder when n(4) is divided by x(-16).
10
Let p(y) = y**2 - 12*y + 7. Let n be p(6). Calculate the remainder when 56 is divided by n/2*(5 + -7).
27
What is the remainder when 127 is divided by -1 + (8/14 - (-185)/7)?
23
Suppose -p = 0, -3*p = 2*j - 0 - 4. Suppose 18 = j*z - 0*z. What is the remainder when z is divided by 2?
1
Suppose 0 = -3*h - 3 + 24. Suppose -h*l - 91 = -350. What is the remainder when l is divided by 13?
11
Suppose 3*d - 27*d + 8064 = 0. What is the remainder when d is divided by 34?
30
Calculate the remainder when 46 is divided by (-228)/(-15) + 16/20.
14
Suppose 30 = r + 2*r + 2*s, -3 = s. Calculate the remainder when 163 is divided by (-328)/r*15/(-10).
40
Let w = 26 - 22. What is the remainder when 29 is divided by w?
1
Calculate the remainder when 56 is divided by (-8)/(-6)*(-1260)/(-40).
14
Let g(t) = -t**2 - t + 8. Calculate the remainder when (-3)/6 + 25/2 is divided by g(0).
4
Let q(y) = -y**2 + 25*y - 45. Calculate the remainder when 146 is divided by q(22).
20
Suppose -2 + 4 = -j. Let g = j - -22. Let b = 35 - g. Calculate the remainder when b is divided by 8.
7
Suppose 5*t = y - 42, 113*t + 262 = 5*y + 114*t. Suppose -3*s + 5*a + 457 = 0, s - 2*a = -a + 153. What is the remainder when s is divided by y?
50
Let u(z) = 9*z**3 - 3*z**2 - 8*z + 15. What is the remainder when u(3) is divided by 107?
100
What is the remainder when 5/(-10)*-6 - 268/(-1) is divided by 34?
33
Let p(y) = y**2 - 15*y - 31. Let r be (0 + 34)*(-1)/(-2). Calculate the remainder when 20 is divided by p(r).
2
Let t = 568 - 291. Calculate the remainder when t is divided by 28.
25
Let h be 5/(10/12)*(-27)/81. Let i(t) = -10*t - 1. Calculate the remainder when i(h) is divided by 4.
3
Suppose 0 = -4*g - 48 - 16. Let n(f) = -f**3 + 18*f**2 - 30*f - 11. What is the remainder when 2/(-4) - 648/g is divided by n(16)?
19
Let h(p) = 4*p**2 - 31*p - 19. What is the remainder when h(-6) is divided by 3?
2
Suppose -5*a - f + 348 = -2*a, -471 = -4*a + f. What is the remainder when a is divided by 10?
7
Let a(n) = n**2 - 20*n + 36. Let x be a(18). Suppose -8*t = -x*t - 136. Calculate the remainder when 29 is divided by t.
12
Let z(t) = 3*t**2 - 20*t - 178. What is the remainder when z(-7) is divided by 14?
11
Let t(j) = j**2 - 7*j - 10. Let p be t(8). Let r(d) = -4*d**3 - d**2 - 2*d + 4. Calculate the remainder when 101 is divided by r(p).
29
Suppose 0 = -2*m + 8 + 28. Let p = -3 + m. Let h = 1 - -3. What is the remainder when p is divided by h?
3
Let v(n) = 2*n - 4*n - n + 0 - 2. What is the remainder when v(-2) is divided by 2?
0
Suppose -8*p + 15 = -3*p. Suppose p*m = 4 + 5. Let y(d) = 3*d + 2. Calculate the remainder when 32 is divided by y(m).
10
Suppose -5*l + 39 + 896 = 0. Suppose 3*w + 413 - 101 = 5*d, 3*d - 2*w - l = 0. Calculate the remainder when d is divided by 33.
30
Let z(j) = -j + 4. Let p be z(-3). Let v be p - ((-3 - -7) + -1). Suppose v*k = -0*k + 12. Calculate the remainder when 3 is divided by k.
0
Let r = -4 - -6. Suppose 6*x - 36 = 3*x. What is the remainder when x + r - (5 + -4) is divided by 7?
6
Let s = -576 + 653. Calculate the remainder when s is divided by 12.
5
Calculate the remainder when (25920/(-1200))/(-1 - (-4)/5) is divided by 59.
49
Let b(d) be the first derivative of d**4/4 - 4*d**3 + 7*d**2 - 16*d + 2. Calculate the remainder when 47 is divided by b(11).
13
Let d = -93 - -106. Calculate the remainder when (d/((-182)/(-105)))/(1/2) is divided by 4.
3
Let p(a) = 11*a - 4. Let h = 20 - 16. Suppose 5*x = -2*u + 4 + 3, -3*x - 79 = -h*u. What is the remainder when p(6) is divided by u?
14
Let a be (-3)/(154/(-151) - -1). Let y be (-2)/(-2 + 300/a). Suppose r + l - 39 = -0*r, 4*r - l = y. Calculate the remainder when r is divided by 13.
12
Let y(h) = h**3 - 2*h**2 - 2*h - 2. What is the remainder when y(7) is divided by 39?
34
Suppose 5*x = -3*f + 315, 3*x - f + 189 = 6*x. Suppose 3*n - n = 22. What is the remainder when x is divided by n?
8
Let n(w) = w**2 + 31*w + 112. Calculate the remainder when 145 is divided by n(-27).
1
Let r(s) be the first derivative of 5*s**2/2 + s - 5. Let u(t) = 11*t + 2. Let p(d) = 7*r(d) - 3*u(d). Calculate the remainder when p(9) is divided by 5.
4
Suppose 3*d - 58 = -s, -s + 1 = d + 3*s. What is the remainder when 3 + 27 +